1).
4
Let k(u) = u**2 + 6*u - 50. Give k(-11).
5
Let h(d) = d**3 - 15*d**2 - 15*d + 528. Give h(13).
-5
Let u(n) = -n**3 - 6*n**2 - 8*n + 7. Determine u(-4).
7
Let h(x) = -x + 20. Calculate h(-5).
25
Let s(i) = i**3 - 5*i**2 - 10*i - 32. Calculate s(7).
-4
Let z(n) = n**3 + 4*n**2 + 5*n + 3. Determine z(-5).
-47
Let m(k) = -k**3 - 6*k**2 - 6*k - 3. Determine m(-5).
2
Let b(a) = -13*a - 162. Determine b(-12).
-6
Let r(k) = 7*k - 10. Calculate r(5).
25
Let o(k) = k**3 + 2*k**2 - k - 2. Calculate o(-4).
-30
Let w(p) = 2*p**2 + 9*p + 14. Calculate w(-2).
4
Let t(d) = 2*d - 37. Give t(20).
3
Let a(m) = -m**2 - 24*m - 97. Calculate a(-4).
-17
Let a(w) = -5*w - 26. What is a(-5)?
-1
Let v(f) = -f**2 + 3*f. What is v(4)?
-4
Let z(a) = -a**3 - 9*a**2 + 9*a - 3. Give z(-10).
7
Let u(w) = -w**3 + 7*w**2 + w + 13. Determine u(7).
20
Let m(s) = -15*s**2 - 25*s + 26. Determine m(1).
-14
Let w(x) = x**3 - x**2 + x. Calculate w(3).
21
Let z(d) = 178*d + 526. Give z(-3).
-8
Let v(w) = -2*w**2 - 26*w - 19. What is v(-13)?
-19
Let b(d) = 32*d - 1. Determine b(-1).
-33
Let v(w) = 2*w + 6. Determine v(-8).
-10
Let c(y) = y**3 - 2*y**2 - y + 5. Determine c(0).
5
Let k(h) = h**3 + 38*h**2 - 6. What is k(-38)?
-6
Let h(y) = -3*y - 11. Give h(-12).
25
Let w(b) = -3*b**2 + 8*b + 10. Determine w(7).
-81
Let o(m) = -m**2 + 5*m + 11. Determine o(6).
5
Let a(d) = d - 28. Calculate a(9).
-19
Let z(s) = -7*s + 3. What is z(7)?
-46
Let k(a) = -a**2 - 13*a - 7. Calculate k(-12).
5
Let k(z) = -2*z**2 + 4. What is k(2)?
-4
Let d(v) = 2*v**3 - 42*v**2 + 2*v - 60. Determine d(21).
-18
Let i(w) = w**2 - 3*w + 13. Calculate i(0).
13
Let m(i) = 13*i - 58. Calculate m(5).
7
Let m(s) = -s**2 + 10. Give m(-5).
-15
Let g(h) = 10*h + 20. Calculate g(-8).
-60
Let n(y) = -10*y - 136. Calculate n(-14).
4
Let r(j) = -j**2 + 18*j - 78. Determine r(12).
-6
Let k(n) = 6*n**3 + 3*n**2 + 9*n + 7. Calculate k(-1).
-5
Let f(t) = 2*t - 15. Calculate f(9).
3
Let d(w) = -2*w**2 + 10*w - 9. Calculate d(6).
-21
Let o(m) = m**3 + 19*m**2 + 15*m - 48. Determine o(-18).
6
Let f(s) = s**3 + s**2 + 6*s + 10. Give f(-3).
-26
Let f(q) = -q**2 + 9*q - 9. Give f(6).
9
Let w(c) = -7*c + 90. Give w(12).
6
Let w(q) = q + 24. Determine w(-8).
16
Let r(w) = w**2 - 20*w + 99. Give r(9).
0
Let s(z) = 2*z**2 - 11*z + 15. Calculate s(6).
21
Let q(b) = b**3 + 20*b**2 + b + 28. Give q(-20).
8
Let p(a) = -a**2 + 6*a - 6. Give p(8).
-22
Let j(v) = -2*v + 9. Calculate j(-5).
19
Let o(p) = p**2 + 6*p - 1. What is o(-3)?
-10
Let t(h) = -7*h - 242. Give t(-34).
-4
Let z(g) = g**2 - 35*g + 41. Give z(34).
7
Let z(u) = -u**3 - 11*u**2 - 4*u. Give z(-10).
-60
Let l(k) = -3*k - 28. Give l(-9).
-1
Let x(t) = 2*t**3 - 3*t**2 + 2*t - 2. Calculate x(2).
6
Let d(k) = 8*k - 9. What is d(5)?
31
Let a(j) = -15*j**2 - 4. What is a(-3)?
-139
Let s(n) = 4*n**3 - 2*n**2 - 2*n - 1. Calculate s(-1).
-5
Let d(t) = -6*t + 54. Give d(12).
-18
Let r(a) = a**3 + 6*a**2 - a + 22. Calculate r(-7).
-20
Let q(o) = -18*o + 61. Give q(4).
-11
Let s(r) = -r**3 - 13*r**2 + 8*r - 28. Calculate s(-14).
56
Let a(y) = -8*y**3 - 4*y**2 - 2*y + 3. What is a(-3)?
189
Let o(x) = -x**3 - 21*x**2 - 21*x - 15. Determine o(-20).
5
Let x(b) = -b**2 - 18*b - 45. Determine x(-14).
11
Let u(k) = -k**3 - 8*k**2 - 6*k + 36. Calculate u(-4).
-4
Let i(q) = q**3 + 9*q**2 + 10*q + 11. Give i(-8).
-5
Let r(d) = 4*d**3 + 2*d**2 + d. Determine r(-2).
-26
Let p(i) = -2*i + 4. What is p(5)?
-6
Let a(v) = 22*v + 46. Calculate a(-2).
2
Let o(c) = -c**2 - 13*c - 8. Determine o(-11).
14
Let t(r) = -r**3 + 8*r**2 + r - 5. What is t(8)?
3
Let x(b) = -5*b + 197. Calculate x(40).
-3
Let p(v) = 6*v - 9. Determine p(5).
21
Let v(b) = -b - 18. What is v(-4)?
-14
Let z(l) = -2*l**3 - 3*l**2 + 4*l + 2. Calculate z(-2).
-2
Let f(n) = -2*n**3 + 5*n**2 + 9*n + 2. What is f(-2)?
20
Let i(u) = 3*u**3 + u + 1. Determine i(-2).
-25
Let k(n) = -n**3 - 6*n**2 - 7*n - 3. Determine k(-4).
-7
Let m(w) = -w + 6. Give m(2).
4
Let w(t) = -t**3 + 8*t**2 - 17*t + 7. What is w(5)?
-3
Let g(z) = -5*z**2 + 23*z - 22. What is g(4)?
-10
Let n(f) = -3*f**2 - 4*f. Give n(2).
-20
Let h(u) = 34*u + 79. Calculate h(-3).
-23
Let c(y) = -y**2 - 28*y - 119. Determine c(-22).
13
Let r(i) = i**3 - 28*i**2 - 28*i + 7. What is r(29)?
36
Let j(r) = r**3 - 80*r**2 - 81*r + 1. Calculate j(81).
1
Let g(v) = v**3 - 4*v + 1. What is g(3)?
16
Let r(a) = -7*a**2 - 18*a + 41. Give r(2).
-23
Let x(g) = -g - 19. Calculate x(-9).
-10
Let p(d) = d + 31. What is p(0)?
31
Let n(u) = -2*u**2 + 3*u - 3. Give n(2).
-5
Let b(p) = -p**3 + 8*p**2 - 16*p - 6. Determine b(5).
-11
Let n(r) = r**3 + 12*r**2 + 3*r + 14. Give n(-12).
-22
Let a(z) = -14*z + 304. What is a(21)?
10
Let i(g) = g**2 - 18*g + 7. Determine i(17).
-10
Let n(f) = -f**2 - 14*f. What is n(-12)?
24
Let d(h) = 18*h - 135. Determine d(7).
-9
Let z(m) = -m**3 + 5*m**2 + 8. Calculate z(5).
8
Let v(w) = 2*w. Give v(12).
24
Let z(j) = j + 7. Give z(-5).
2
Let k(b) = 8*b + 2. What is k(-1)?
-6
Let s(o) = -2*o**3 + 17*o**2 - o - 40. Determine s(8).
16
Let x(f) = -4*f + 43. Give x(8).
11
Let k(h) = -h**3 + 8*h**2 + h - 9. Give k(8).
-1
Let v(z) = -52*z - 518. What is v(-10)?
2
Let t(u) = -u**2 - 17*u - 9. Give t(-11).
57
Let c(x) = -x**3 + 2*x**2 - 17*x + 66. Calculate c(3).
6
Let f(n) = n**3 - 19*n**2 + n - 6. Calculate f(19).
13
Let r(h) = 8*h - 39. What is r(17)?
97
Let n(t) = -t**3 + 4*t**2 + 6*t - 11. Determine n(5).
-6
Let h(c) = c**2 - 4. Determine h(-5).
21
Let x(w) = 6*w + 36. Determine x(-3).
18
Let q(c) = c**2 + 14*c + 40. Give q(-14).
40
Let g(d) = d - 1. Give g(-7).
-8
Let o(w) = w**3 - w**2 - w + 50. Determine o(0).
50
Let x(i) = 7*i - 8. Give x(-6).
-50
Let u(i) = 17*i - 2. Give u(5).
83
Let m(s) = s**3 + 7*s**2 - 3*s - 17. Calculate m(-6).
37
Let z(x) = 3*x**3 + x**2 - 4. Give z(-3).
-76
Let r(x) = -x**3 + 12*x**2 + 13*x - 11. Determine r(13).
-11
Let p(u) = -17*u**3 - u**2 + 1. Calculate p(-1).
17
Let j(o) = -o + 5. Give j(-7).
12
Let k(a) = -a**2 + 14*a - 26. Calculate k(11).
7
Let l(i) = -i**3 + i**2 + 11*i - 5. Calculate l(4).
-9
Let v(l) = 56*l**2 + l - 1. Calculate v(1).
56
Let q(m) = m + 8. Calculate q(-9).
-1
Let t(w) = w**3 - 22*w**2 - 50*w + 35. Calculate t(24).
-13
Let a(v) = 3*v + 10. Calculate a(-3).
1
Let m(y) = y**3 + y**2 - 4*y - 5. Determine m(-3).
-11
Let o(l) = 9*l**3 + 2*l**2 + l - 3. Determine o(-2).
-69
Let b(g) = -7*g**2 - 2*g + 2. Determine b(1).
-7
Let t(k) = -9*k - 34. Determine t(-4).
2
Let z(o) = -3*o + 3. Give z(4).
-9
Let c(a) = a**2 + 2*a + 2. What is c(-7)?
37
Let a(n) = 15*n + 101. Give a(-7).
-4
Let d(t) = 7*t - 27. What is d(4)?
1
Let n(y) = 19*y + 28. What is n(-2)?
-10
Let l(w) = w**2 - 6*w - 1. Determine l(-4).
39
Let g(z) = 11*z - 112. Give g(10).
-2
Let l(q) = -6*q. Give l(2).
-12
Let b(h) = h**3 - 9*h**2 - 23*h + 11. Give b(11).
0
Let f(d) = 18*d + 146. Calculate f(-8).
2
Let w(t) = t**2 + 7*t - 12. Determine w(-7).
-12
Let a(j) = 2*j**2 - 72. Determine a(-8).
56
Let f(u) = -3*u + 17. Give f(9).
-10
Let f(q) = q**2 - 69*q + 945. Calculate f(50).
-5
Let h(q) = -q**3 - 9*q**2 - 13*q - 1. What is h(-6)?
-31
Let d(c) = -c**3 + 5*c**2 + 12*c + 34. Determine d(8).
-62
Let w(d) = d**2 + 3*d - 25. Determine w(6).
29
Let t(n) = -n - 8. Calculate t(0).
-8
Let l(p) = -p**2 - 8*p - 11. Determine l(-5).
4
Let k(o) = 4*o**2 - 5*o. Determine k(3).
21
Let w(c) = -5*c + 8. Calculate w(2).
-2
Let y(d) = -d**3 + 29*d + 58. What is y(-4)?
6
Let o(y) = y**3 - 11*y**2 + 18*y + 5. What is o(9)?
5
Let z(x) = -x**2 + 12*x - 13. Calculate z(11).
-2
Let h(s) = -55*s + 159. What is h(3)?
-6
Let m(c) = 11*c**2 + c + 1. Calculate m(-1).
11
Let p(w) = -18*w + 67. Calculate p(5).
-23
Let f(v) = v**3 + 8*v**2 - 12*v - 21. Give f(-9).
6
Let k(g) = 7*g - 1. Give k(1).
6
Let g(c) = -15*c**2 - c. Calculate g(1).
-16
Let c(k) = -k**3 + 3*k**2 + 3*k - 4. What is c(4)?
-8
Let i(c) = -11*c**2 + 1. Determine i(1).
-10
Let j(o) = -22*o + 2. What is j(-2)?
46
Let c(t) = t**2 + 18*t - 85. Determine c(4).
3
Let n(y) = y + 16. Give n(-7).
9
Let x(j) = j**2 + 4*j + 4. Calculate x(0).
4
Let k(q) = q**2 - 5*q - 9. What is k(6)?
-3
Let t(k) = -k**2 + 1. What is t(-2)?
-3
Let w(j) = 4*j + 21. Calculate w(-8).
-11
Let w(j) = j**2 + 29*j + 21. Calculate w(-28).
-7
Let f(y) = 18*y - 156. C